is the tens digit of 90990?
9
What is the units digit of 20558?
8
What is the ten thousands digit of 80162?
8
What is the tens digit of 41906?
0
What is the units digit of 121?
1
What is the tens digit of 927?
2
What is the thousands digit of 13816?
3
What is the thousands digit of 2179?
2
What is the thousands digit of 127996?
7
What is the hundreds digit of 25391?
3
What is the thousands digit of 20274?
0
What is the tens digit of 2268?
6
What is the thousands digit of 1085?
1
What is the hundred thousands digit of 135538?
1
What is the thousands digit of 8221?
8
What is the thousands digit of 2603?
2
What is the hundreds digit of 1225?
2
What is the thousands digit of 3595?
3
What is the thousands digit of 63878?
3
What is the tens digit of 9458?
5
What is the ten thousands digit of 11543?
1
What is the tens digit of 634?
3
What is the units digit of 34697?
7
What is the tens digit of 1112?
1
What is the ten thousands digit of 65413?
6
What is the units digit of 1109?
9
What is the units digit of 2724?
4
What is the units digit of 28934?
4
What is the tens digit of 24691?
9
What is the thousands digit of 56555?
6
What is the thousands digit of 1244?
1
What is the units digit of 564?
4
What is the hundreds digit of 35478?
4
What is the units digit of 5608?
8
What is the thousands digit of 2145?
2
What is the units digit of 1934?
4
What is the units digit of 296?
6
What is the tens digit of 25782?
8
What is the units digit of 785?
5
What is the hundred thousands digit of 129235?
1
What is the ten thousands digit of 87017?
8
What is the hundreds digit of 4618?
6
What is the tens digit of 76042?
4
What is the thousands digit of 3176?
3
What is the hundred thousands digit of 181484?
1
What is the thousands digit of 7053?
7
What is the hundreds digit of 155018?
0
What is the ten thousands digit of 41920?
4
What is the tens digit of 3498?
9
What is the tens digit of 12066?
6
What is the tens digit of 2522?
2
What is the hundreds digit of 18718?
7
What is the thousands digit of 9632?
9
What is the ten thousands digit of 26136?
2
What is the units digit of 22036?
6
What is the units digit of 816?
6
What is the tens digit of 2312?
1
What is the thousands digit of 2446?
2
What is the thousands digit of 70745?
0
What is the thousands digit of 1619?
1
What is the units digit of 2549?
9
What is the units digit of 4845?
5
What is the thousands digit of 44545?
4
What is the tens digit of 915?
1
What is the ten thousands digit of 33499?
3
What is the tens digit of 6701?
0
What is the units digit of 1378?
8
What is the thousands digit of 2035?
2
What is the hundreds digit of 2402?
4
What is the thousands digit of 108328?
8
What is the tens digit of 4140?
4
What is the thousands digit of 1135?
1
What is the units digit of 87?
7
What is the units digit of 963?
3
What is the thousands digit of 4270?
4
What is the units digit of 16720?
0
What is the hundred thousands digit of 124327?
1
What is the hundreds digit of 31059?
0
What is the thousands digit of 4667?
4
What is the hundreds digit of 1269?
2
What is the hundreds digit of 206?
2
What is the ten thousands digit of 38340?
3
What is the ten thousands digit of 19184?
1
What is the thousands digit of 9360?
9
What is the thousands digit of 4585?
4
What is the thousands digit of 1435?
1
What is the hundreds digit of 3059?
0
What is the thousands digit of 33483?
3
What is the hundreds digit of 478?
4
What is the thousands digit of 48132?
8
What is the tens digit of 71679?
7
What is the units digit of 7322?
2
What is the tens digit of 25911?
1
What is the units digit of 4684?
4
What is the thousands digit of 4282?
4
What is the tens digit of 726?
2
What is the thousands digit of 54803?
4
What is the hundreds digit of 693?
6
What is the ten thousands digit of 13390?
1
What is the ten thousands digit of 23813?
2
What is the thousands digit of 3476?
3
What is the units digit of 518?
8
What is the tens digit of 113?
1
What is the ten thousands digit of 61618?
6
What is the thousands digit of 25487?
5
What is the thousands digit of 3466?
3
What is the units digit of 908?
8
What is the units digit of 17543?
3
What is the tens digit of 79?
7
What is the hundreds digit of 5998?
9
What is the hundreds digit of 20333?
3
What is the hundreds digit of 160002?
0
What is the hundreds digit of 22373?
3
What is the units digit of 797?
7
What is the thousands digit of 53592?
3
What is the tens digit of 556?
5
What is the ten thousands digit of 21616?
2
What is the thousands digit of 3979?
3
What is the units digit of 18115?
5
What is the tens digit of 283?
8
What is the units digit of 1909?
9
What is the tens digit of 113448?
4
What is the hundreds digit of 9664?
6
What is the tens digit of 392?
9
What is the tens digit of 1486?
8
What is the units digit of 21323?
3
What is the units digit of 41288?
8
What is the hundreds digit of 5286?
2
What is the tens digit of 771?
7
What is the tens digit of 4239?
3
What is the units digit of 89991?
1
What is the hundreds digit of 2183?
1
What is the tens digit of 1256?
5
What is the thousands digit of 3341?
3
What is the thousands digit of 30660?
0
What is the thousands digit of 11716?
1
What is the units digit of 1168?
8
What is the ten thousands digit of 26249?
2
What is the tens digit of 685?
8
What is the hundreds digit of 1865?
8
What is the thousands digit of 35637?
5
What is the thousands digit of 3018?
3
What is the tens digit of 16903?
0
What is the thousands digit of 2003?
2
What is the units digit of 52?
2
What is the ten thousands digit of 11602?
1
What is the units digit of 1818?
8
What is the units digit of 864?
4
What is the thousands digit of 5565?
5
What is the hundreds digit of 43733?
7
What is the hundreds digit of 1208?
2
What is the ten thousands digit of 22513?
2
What is the tens digit of 24764?
6
What is the ten thousands digit of 49767?
4
What is the units digit of 234?
4
What is the units digit of 25560?
0
What is the units digit of 13876?
6
What is the hundreds digit of 694?
6
What is the ten thousands digit of 14303?
1
What is the units digit of 5752?
2
What is the hundreds digit of 40360?
3
What is the thousands digit of 2209?
2
What is the ten thousands digit of 40885?
4
What is the units digit of 2680?
0
What is the units digit of 1278?
8
What is the tens digit of 786?
8
What is the tens digit of 158?
5
What is the hundreds digit of 1820?
8
What is the tens digit of 40673?
7
What is the tens digit of 117747?
4
What is the units digit of 1634?
4
What is the thousands digit of 2644?
2
What is the tens digit of 471?
7
What is the hundreds digit of 895?
8
What is the tens digit of 2589?
8
What is the hundreds digit of 1954?
9
What is the units digit of 6798?
8
What is the hundreds digit of 2454?
4
What is the units digit of 41578?
8
What is the thousands digit of 5369?
5
What is the hundreds digit of 761?
7
What is the hundreds digit of 6304?
3
What is the tens digit of 379?
7
What is the tens digit of 3528?
2
What is the tens digit of 105369?
6
What is the units digit of 115350?
0
What is the units digit of 11621?
1
What is the hundreds digit of 154556?
5
What is the hundreds digit of 16470?
4
What is the units digit of 41?
1
What is the hundreds digit of 4919?
9
What is the hundreds digit of 5872?
8
What is the thousands digit of 13184?
3
What is the tens digit of 83118?
1
What is the units digit of 2105?
5
What is the units digit of 3401?
1
What is the units digit of 3328?
8
What is the ten thousands digit of 19616?
1
What is the units digit of 819?
9
What is the units digit of 60092?
2
What is the hundreds digit of 17792?
7
What is the hundreds digit of 17356?
3
What is the units digit of 14474?
4
What is the ten thousands digit of 28676?
2
What is the units digit of 2258?
8
What is the thousands digit of 1206?
1
What is the units digit of 3271?
1
What is the tens digit of 27?
2
What is the thousands digit of 66974?
6
What is the ten thousands digit of 73580?
7
What is the hundreds digit of 238?
2
What is the tens digit of 48667?
6
What is the hundreds digit of 1298?
2
What is the hundreds digit of 26455?
4
What is the units digit of 578?
8
What is the hundreds digit of 367?
3
What is the tens digit of 2493?
9
What is the tens digit of 4465?
6
What is the t